en (-161)/(-2) - c/6 is divided by q?
38
Suppose -5*q + 1992 = o, 5*o = 13*q - 14*q + 384. What is the remainder when q is divided by 45?
39
Let z be (-21)/42 - -17*10/4. Let j = z + -37. Calculate the remainder when 5 is divided by j.
0
Suppose y - 81 = -u + 25, -3*u + 5*y + 286 = 0. Let p = u - -8. Suppose -x - p = -6*x. Calculate the remainder when 107 is divided by x.
19
Let p(q) = -q**2 + 5*q + 30. Calculate the remainder when 46 is divided by p(7).
14
Let d = -148 - -219. Let q = 1798 - 1786. Calculate the remainder when d is divided by q.
11
Suppose 11*a - 28 - 236 = 0. Calculate the remainder when 112 is divided by a.
16
Suppose 21320 = 28*b + 13*b. What is the remainder when b is divided by 58?
56
Let w(i) = i**2 - i + 9. Let g be w(-5). What is the remainder when (g - 6)*(-10)/(-6) is divided by 19?
17
Suppose -2*p = -2*g - 2*g + 20, 4*p - 10 = -2*g. Suppose -2*l + p*l - 423 = -5*x, -5*l = x - 90. Calculate the remainder when x is divided by 29.
27
Let q(m) = 3*m**2 - 22*m + 95. Calculate the remainder when q(6) is divided by 30.
11
Let q = 212 - 88. What is the remainder when q is divided by 55?
14
Let d = -224 + 339. Calculate the remainder when d is divided by 39.
37
Suppose 10 = -6*s + s. Calculate the remainder when (-2 + (58 - s))/1 is divided by 12.
10
Suppose -1607 = -47*n - 244. What is the remainder when 226 is divided by n?
23
Suppose -2*i + 69 = s, -36 = -i + 6*s - 7*s. Suppose -8*a + 47 = -i. Let g(q) = 6*q**2 - 2*q + 1. Calculate the remainder when g(-2) is divided by a.
9
Let a(j) = 36*j - 14. What is the remainder when 28 is divided by a(1)?
6
Suppose -m + 1 = 0, -3*r + 2*m = m - 71. Calculate the remainder when r is divided by 2.
0
Let q be 270/3 - 1/((-1)/3). Suppose q + 315 = 8*s. Calculate the remainder when s is divided by 26.
25
Let m(s) = s**2 - 8*s + 1. Let h be m(-5). Let o = h - 40. What is the remainder when 50 is divided by o?
24
Let g(w) = -w**3 + 35*w**2 - 34*w + 4. Suppose 5*j + 2*r = 12, -6 = 5*r + 14. Calculate the remainder when j is divided by g(34).
0
Suppose 4*j - 3 = 109. Let l = -15 + j. What is the remainder when 37 is divided by l?
11
Suppose -3*p = o + 7, -4*o - 2*p = 2*p + 4. Suppose 0 = -2*g - 5*n + 19, -g + o*n = -n - 37. What is the remainder when g is divided by 12?
10
Suppose 0 = -5*o + 5*i + 245, -5*o + 175 + 85 = -2*i. Let t(n) = n**2 + 21*n + 84. Calculate the remainder when o is divided by t(-17).
6
Let m = 194 + -129. Suppose 105 = 5*d - 70. Calculate the remainder when 24 is divided by (-10)/d - m/(-7).
6
Let l(u) = 4*u + 5. What is the remainder when 84 is divided by l(6)?
26
Let j(y) = 4 + y**2 - 13 + 5 - 3*y + 2*y**2. Let u(v) = -v**2 - v - 1. Let s(g) = -j(g) - 4*u(g). What is the remainder when s(-6) is divided by 2?
0
Let t(c) = c**3 - 18*c**2 - 2*c + 43. Suppose 0 = 2*o + l - 40, 4*o - 78 = -o + 3*l. What is the remainder when 25 is divided by t(o)?
4
Suppose -2*k = 0, -37*i + 5*k + 632 = -33*i. What is the remainder when i is divided by 10?
8
Let p = 130 + -65. Let r(x) = -2*x**2 - 71*x - 409. Calculate the remainder when p is divided by r(-28).
10
Let o = -62 - -149. Suppose -12*c + o + 45 = 0. What is the remainder when 64 is divided by c?
9
Let v(a) = -16*a - 105. Calculate the remainder when 272 is divided by v(-10).
52
Suppose -4*n = -5*k + 1810, -12*k + 11*k - 4*n + 362 = 0. Calculate the remainder when k is divided by 26.
24
Let s(l) = l - 9. Let f be s(11). Suppose 0 = -f*y + 6 - 2. What is the remainder when y is divided by 2?
0
Let y(n) = -n**3 + 16*n**2 + 57*n - 13. What is the remainder when y(18) is divided by 41?
37
Let v be 2*(-1)/2 - -2. Let j be 8 - v/(2/(-8)). Let g = 24 - j. What is the remainder when 93 is divided by g?
9
Let l(n) = n**3 - 13*n**2 + 11*n + 8. Let w be l(12). Let x = w - -5. What is the remainder when 57 is divided by x + 15 + 1 + -2?
12
Suppose -4*w = -41 - 19. Let k(z) = z**2 - 15*z + 5. Let v be k(w). Suppose -17 = v*s - 132. What is the remainder when s is divided by 12?
11
Let d = 76 + -28. Suppose 6*r - 102 = d. Let i = r - 6. What is the remainder when 54 is divided by i?
16
Suppose g = 3*d - 1938, 4*d - d = -5*g + 1938. What is the remainder when d is divided by 26?
22
Let q = 1319 + -944. What is the remainder when q is divided by 29?
27
Calculate the remainder when 4/20*6*(-95)/(-2) is divided by 5.
2
Let g be 2 + (4 - 7 - -3). Suppose g*m - 9*m + 175 = 0. Calculate the remainder when 71 is divided by m.
21
Suppose 4*s + 4*r - 80 = 0, 3*r - 4*r = -3. Let g = -896 + 944. Calculate the remainder when g is divided by s.
14
Let b = -29 + 60. Let q be (-3)/((-94)/88 + 1). Suppose 3*g - q = -g. Calculate the remainder when b is divided by g.
9
Suppose -13*h - 75 = -18*h. Suppose y = -2*t + 25, 3*t = -4*y - y + 48. What is the remainder when t is divided by 13/5 - (1 - 21/h)?
2
Let g = -122 + 68. Let f = g + 143. What is the remainder when f is divided by 31?
27
Suppose -4*b = 16, -3*g - 19 = -5*b - 114. Calculate the remainder when 112 is divided by g.
12
Let r(x) = 12*x**3 - 2*x**2 + x. Suppose -30 + 162 = 4*l. Suppose -4*d + 4*u + u + 99 = 0, 2*d + 3*u - l = 0. What is the remainder when d is divided by r(1)?
10
What is the remainder when 310 is divided by (26/3 + -9)/((-2)/474)?
73
What is the remainder when 92 is divided by (-3)/3 - (-6 + 4 + -5)?
2
Let q(z) = 2*z**2 - 22*z - 21. Calculate the remainder when 40 is divided by q(12).
1
Suppose -5*o - 4*a + 232 = 0, 3*o + a - 174 + 32 = 0. What is the remainder when o is divided by 21?
6
Let r(q) = 2*q**2 + q - 5. Let w(k) be the third derivative of 7*k**5/30 - k**4/24 - 14*k**2. What is the remainder when r(-4) is divided by w(1)?
10
Suppose -15*z + 9*z = -120. Let k(n) = -n + 32. What is the remainder when k(z) is divided by (1/(-2) - -1)*10?
2
Suppose 2 = 5*w - 8. Suppose -q - 50 = -w*q. Suppose 3*s - 64 = q. Calculate the remainder when s is divided by 10.
8
Suppose -m - 80 = -6*m. Let i = m - 24. Let v(s) = -s**3 - 8*s**2 + 11. What is the remainder when 54 is divided by v(i)?
10
Suppose 3*q - 4*u = 28, 3*q + 0*u - 30 = 3*u. Let z = -2 + q. Suppose g = 6*g + 3*v - 55, -2*v = -z. What is the remainder when 22 is divided by g?
6
Let k(d) = -d**3 - 3*d**2 + 3*d. Suppose v = 2*v + p + 16, -4*v - 2*p = 66. Let f = 23 + v. Calculate the remainder when f is divided by k(-4).
2
Suppose q + 0*q - 4*d = -114, -3*q = 3*d + 282. Let k = q + 109. Let y = 0 - -4. What is the remainder when k is divided by y?
3
Suppose -12*j + 7*j + 250 = b, b - 274 = j. What is the remainder when b is divided by 16?
14
Suppose 5*j + 227 = -658. Let f = j + 290. What is the remainder when f is divided by 23?
21
What is the remainder when 188 is divided by (0 + 3)*-2*84/(-9)?
20
Suppose -102*a + 107*a = 4*f + 6955, f = 3*a - 4173. What is the remainder when a is divided by 7?
5
Let a(u) = 11*u + 24. Let m be a(12). Suppose 3*r - p - 96 = -16, -5*r = 4*p - m. Calculate the remainder when r is divided by 18.
10
Let b be 16/14*14/4. Calculate the remainder when -1*2*(-4 - (-8)/b) is divided by (9/6)/(3/4).
0
Suppose 4*u - 202 = -5*f, 11*u + 4*f = 16*u - 273. What is the remainder when 370 is divided by u?
52
Suppose 5*s + 737 = 72*s. What is the remainder when 95 is divided by s?
7
Let v(g) be the first derivative of g**3/3 + 3*g**2/2 - 4*g - 1. Let i be v(3). What is the remainder when 30 is divided by (i - 3) + -3*1?
6
Suppose 0 = 3*q + q - 92. Let u be (0 - -4) + (1 - (2 - 3)). Suppose 5*c = u*s - s + 65, 20 = -4*s. What is the remainder when q is divided by c?
7
Let p(m) = 93*m + 820. Suppose 0 = w - 45 - 12. Calculate the remainder when p(-7) is divided by w.
55
Let d = 1 + 3. Suppose -21*s - 4 = -88. What is the remainder when d is divided by s?
0
Suppose -5*w - 12 = 3*z - 14, 24 = 5*z - 2*w. Calculate the remainder when (-112)/(-6) + (-2)/3 is divided by z.
2
Let w = -37 + 52. What is the remainder when (15/(-10))/((-3)/40) is divided by 20/w*(-12)/(-2)?
4
Suppose -f - 7 = -2*n, 7 = -n - 0*f + 4*f. Suppose -2*q - 5 = -17. What is the remainder when q is divided by n?
1
Suppose b = -9 + 178. What is the remainder when b is divided by 58?
53
Let k(r) = 98*r - 115. What is the remainder when k(6) is divided by 95?
93
Let a(s) = 106*s - 1. Let r(f) = -3*f**3 + 2*f**2 - 5. Calculate the remainder when a(1)